hat is the remainder when 117 is divided by 12?
9
What is the remainder when 1339 is divided by 446?
1
What is the remainder when 2261 is divided by 31?
29
What is the remainder when 862 is divided by 9?
7
What is the remainder when 3728 is divided by 60?
8
What is the remainder when 195 is divided by 66?
63
Calculate the remainder when 4173 is divided by 25.
23
Calculate the remainder when 22 is divided by 16.
6
What is the remainder when 1557 is divided by 388?
5
What is the remainder when 190 is divided by 59?
13
Calculate the remainder when 305 is divided by 100.
5
What is the remainder when 248 is divided by 31?
0
Calculate the remainder when 872 is divided by 19.
17
What is the remainder when 394 is divided by 130?
4
Calculate the remainder when 15002 is divided by 122.
118
Calculate the remainder when 777 is divided by 20.
17
What is the remainder when 199 is divided by 34?
29
What is the remainder when 13847 is divided by 81?
77
Calculate the remainder when 481 is divided by 121.
118
Calculate the remainder when 22 is divided by 3.
1
Calculate the remainder when 592 is divided by 233.
126
What is the remainder when 396 is divided by 38?
16
What is the remainder when 237 is divided by 69?
30
What is the remainder when 201 is divided by 51?
48
What is the remainder when 64 is divided by 29?
6
What is the remainder when 40 is divided by 14?
12
What is the remainder when 108 is divided by 28?
24
Calculate the remainder when 71 is divided by 37.
34
What is the remainder when 370 is divided by 106?
52
What is the remainder when 536 is divided by 156?
68
What is the remainder when 242 is divided by 19?
14
Calculate the remainder when 5448 is divided by 1085.
23
Calculate the remainder when 72 is divided by 56.
16
What is the remainder when 117 is divided by 47?
23
What is the remainder when 2366 is divided by 158?
154
Calculate the remainder when 246 is divided by 102.
42
Calculate the remainder when 331 is divided by 143.
45
What is the remainder when 511 is divided by 16?
15
Calculate the remainder when 628 is divided by 105.
103
Calculate the remainder when 140 is divided by 73.
67
What is the remainder when 4267 is divided by 35?
32
Calculate the remainder when 881 is divided by 15.
11
Calculate the remainder when 8090 is divided by 279.
278
Calculate the remainder when 1723 is divided by 15.
13
Calculate the remainder when 1172 is divided by 69.
68
Calculate the remainder when 4002 is divided by 91.
89
What is the remainder when 301 is divided by 10?
1
Calculate the remainder when 180 is divided by 41.
16
Calculate the remainder when 2047 is divided by 159.
139
Calculate the remainder when 232 is divided by 85.
62
What is the remainder when 332 is divided by 57?
47
Calculate the remainder when 362 is divided by 43.
18
What is the remainder when 9672 is divided by 164?
160
Calculate the remainder when 768 is divided by 14.
12
What is the remainder when 129 is divided by 38?
15
Calculate the remainder when 185 is divided by 4.
1
What is the remainder when 56 is divided by 10?
6
Calculate the remainder when 56 is divided by 19.
18
Calculate the remainder when 10658 is divided by 65.
63
What is the remainder when 215 is divided by 76?
63
Calculate the remainder when 237 is divided by 48.
45
What is the remainder when 56 is divided by 22?
12
What is the remainder when 18 is divided by 13?
5
Calculate the remainder when 486 is divided by 125.
111
Calculate the remainder when 77 is divided by 34.
9
Calculate the remainder when 416 is divided by 135.
11
Calculate the remainder when 1500 is divided by 11.
4
What is the remainder when 281 is divided by 141?
140
Calculate the remainder when 1783 is divided by 8.
7
What is the remainder when 100 is divided by 18?
10
Calculate the remainder when 111 is divided by 90.
21
What is the remainder when 571 is divided by 22?
21
What is the remainder when 1588 is divided by 39?
28
Calculate the remainder when 903 is divided by 99.
12
Calculate the remainder when 111 is divided by 17.
9
What is the remainder when 304 is divided by 34?
32
What is the remainder when 253 is divided by 75?
28
Calculate the remainder when 100 is divided by 64.
36
What is the remainder when 42 is divided by 16?
10
Calculate the remainder when 2709 is divided by 8.
5
What is the remainder when 131 is divided by 34?
29
Calculate the remainder when 474 is divided by 119.
117
What is the remainder when 60474 is divided by 26?
24
Calculate the remainder when 498 is divided by 25.
23
What is the remainder when 91 is divided by 49?
42
What is the remainder when 304 is divided by 108?
88
What is the remainder when 1512 is divided by 89?
88
What is the remainder when 1717 is divided by 19?
7
Calculate the remainder when 6479 is divided by 94.
87
What is the remainder when 1101 is divided by 12?
9
What is the remainder when 279 is divided by 138?
3
What is the remainder when 200 is divided by 51?
47
Calculate the remainder when 55 is divided by 7.
6
What is the remainder when 506 is divided by 85?
81
Calculate the remainder when 1113 is divided by 12.
9
Calculate the remainder when 244 is divided by 13.
10
What is the remainder when 56 is divided by 5?
1
What is the remainder when 370 is divided by 17?
13
Calculate the remainder when 1698 is divided by 487.
237
Calculate the remainder when 21381 is divided by 132.
129
What is the remainder when 3480 is divided by 27?
24
What is the remainder when 54 is divided by 43?
11
What is the remainder when 813 is divided by 117?
111
What is the remainder when 273 is divided by 3?
0
What is the remainder when 51 is divided by 16?
3
Calculate the remainder when 277 is divided by 142.
135
Calculate the remainder when 14 is divided by 5.
4
What is the remainder when 1078 is divided by 15?
13
Calculate the remainder when 2761 is divided by 91.
31
What is the remainder when 14117 is divided by 4?
1
What is the remainder when 344 is divided by 94?
62
Calculate the remainder when 1201 is divided by 8.
1
What is the remainder when 4257 is divided by 60?
57
What is the remainder when 850 is divided by 44?
14
Calculate the remainder when 2043 is divided by 106.
29
What is the remainder when 2090 is divided by 51?
50
Calculate the remainder when 172 is divided by 58.
56
Calculate the remainder when 218 is divided by 53.
6
Calculate the remainder when 882 is divided by 17.
15
Calculate the remainder when 141 is divided by 22.
9
Calculate the remainder when 663 is divided by 139.
107
What is the remainder when 162 is divided by 31?
7
What is the remainder when 156 is divided by 135?
21
What is the remainder when 614 is divided by 56?
54
What is the remainder when 4483 is divided by 22?
17
Calculate the remainder when 635 is divided by 611.
24
What is the remainder when 18158 is divided by 16?
14
Calculate the remainder when 192 is divided by 55.
27
Calculate the remainder when 376 is divided by 32.
24
Calculate the remainder when 79 is divided by 18.
7
What is the remainder when 3148 is divided by 7?
5
What is the remainder when 1756 is divided by 129?
79
Calculate the remainder when 769 is divided by 11.
10
Calculate the remainder when 390 is divided by 99.
93
What is the remainder when 165 is divided by 24?
21
What is the remainder when 20 is divided by 2?
0
Calculate the remainder when 551 is divided by 146.
113
What is the remainder when 176 is divided by 136?
40
What is the remainder when 1859 is divided by 14?
11
Calculate the remainder when 802 is divided by 58.
48
Calculate the remainder when 1919 is divided by 37.
32
Calculate the remainder when 59 is divided by 13.
7
Calculate the remainder when 1124 is divided by 68.
36
What is the remainder when 835 is divided by 140?
135
What is the remainder when 47 is divided by 11?
3
What is the remainder when 306 is divided by 77?
75
What is the remainder when 974 is divided by 25?
24
Calculate the remainder when 724 is divided by 35.
24
What is the remainder when 710 is divided by 144?
134
What is the remainder when 3338 is divided by 44?
38
What is the remainder when 9611 is divided by 38?
35
Calculate the remainder when 1323 is divided by 34.
31
Calculate the remainder when 1133 is divided by 223.
18
What is the remainder when 275 is divided by 144?
131
Wha